{"id":15788,"date":"2019-06-17T10:01:39","date_gmt":"2019-06-17T08:01:39","guid":{"rendered":"https:\/\/laseris.ch\/shop\/?post_type=product&#038;p=15788"},"modified":"2026-02-25T22:26:50","modified_gmt":"2026-02-25T21:26:50","slug":"hydrating-b5-serum","status":"publish","type":"product","link":"https:\/\/laseris.ch\/shop\/product\/hydrating-b5-serum\/","title":{"rendered":"Hydrating B5 30 ml SkinCeuticals"},"content":{"rendered":"<p>Le s\u00e9rum Hydrating B5 est un s\u00e9rum propulseur d\u2019hydratation enrichi en acide hyaluronique. Sa formule concentr\u00e9e en actifs repulpants et renfor\u00e7ants infuse la peau en eau et nutriments pour un r\u00e9sultat lisse, doux et souple d\u00e8s l\u2019application. Si l\u2019acide hyaluronique est un humectant naturellement pr\u00e9sent dans la peau, le s\u00e9rum Hydrating B5 augmente et stimule son taux gr\u00e2ce \u00e0 sa haute concentration, et la vitamine B5 contribue \u00e0 acc\u00e9l\u00e9rer la r\u00e9paration cutan\u00e9e pour davantage de fermet\u00e9.<\/p>\n<div id=\"ConnectiveDocSignExtentionInstalled\" data-extension-version=\"1.0.4\">\n<ul>\n<li>Contient de la vitamine B5 pour apporter \u00e0 la peau les nutriments dont elle a besoin<\/li>\n<li>Laisse la peau souple et lisse<\/li>\n<li>Maximise les bienfaits d\u2019un hydratant quotidien<\/li>\n<li>Recommand\u00e9 en compl\u00e9ment de soins \u00e0 la vitamine C<\/li>\n<li>Id\u00e9al pour tous les types de peau\n<div class=\"fl-module fl-module-rich-text fl-node-5e68c5fe9d995\" data-node=\"5e68c5fe9d995\">\n<p>&nbsp;<\/p>\n<\/div>\n<\/li>\n<\/ul>\n<\/div>\n<p><strong>CONSEILS D&#8217;UTILISATION :\u00a0<\/strong><\/p>\n<p>Appliquez le matin et\/ou le soir sur peau nettoy\u00e9e et avant un autre soin.<br \/>\nD\u00e9posez trois \u00e0 cinq gouttes sur le visage, le cou et le d\u00e9collet\u00e9 s\u00e9ch\u00e9s au pr\u00e9alable en \u00e9vitant le contour des yeux<br \/>\nFaites p\u00e9n\u00e9trer sur votre visage du bout des doigts en tapotant, puis faites glisser vers votre cou. Evitez de masser.<br \/>\nPour compl\u00e9ter votre routine, nous vous conseillons de compl\u00e9ter avec le masque Hydrating B5, 1 fois par semaine pour une hydratation intense et compl\u00e8te.<\/p>\n","protected":false},"excerpt":{"rendered":"<p><strong>Ce\u00a0s\u00e9rum hydratant\u00a0est id\u00e9al pour les peaux d\u00e9shydrat\u00e9es. Hautement concentr\u00e9 en\u00a0acide hyaluronique\u00a0et en vitamine B5, ce s\u00e9rum permet de r\u00e9tablir un \u00e9quilibre d&#8217;hydratation et de retrouver une peau plus lisse et \u00e9clatante. <\/strong><\/p>\n<p>V\u00e9ritable &#8220;bouteille d&#8217;eau&#8221; de la peau, ce s\u00e9rum permet une hydratation intense. Hydrating B5 s&#8217;utilise \u00e9galement en post acte m\u00e9dical, apr\u00e8s une injection d&#8217;acide hyaluronique ou une injection de botox. Apr\u00e8s l&#8217;application, la peau est parfaitement hydrat\u00e9e, instantan\u00e9ment plus lisse.<\/p>\n<div class=\"fl-module fl-module-rich-text fl-node-5e68c5fe9d995\" data-node=\"5e68c5fe9d995\">\n<div class=\"fl-module-content fl-node-content\">\n<div class=\"fl-rich-text\">\n<p>&nbsp;<\/p>\n<p>&nbsp;<\/p>\n<\/div>\n<\/div>\n<\/div>\n<div data-extension-version=\"1.0.4\"><img loading=\"lazy\" decoding=\"async\" class=\"alignnone size-medium wp-image-16858\" src=\"https:\/\/laseris.ch\/shop\/wp-content\/uploads\/2020\/10\/skinceuticals-revendeur-suisse.png\" alt=\"\" width=\"300\" height=\"61\" \/><\/div>\n<div id=\"ConnectiveDocSignExtentionInstalled\" data-extension-version=\"1.0.4\"><\/div>\n","protected":false},"featured_media":15798,"comment_status":"open","ping_status":"closed","template":"","meta":[],"product_brand":[],"product_cat":[537,539,560,682,533,534,535,506,507,505,504,531,497,512,511],"product_tag":[546,670],"class_list":{"0":"post-15788","1":"product","2":"type-product","3":"status-publish","4":"has-post-thumbnail","6":"product_cat-deshydratee","7":"product_cat-fragilisee","8":"product_cat-promotion","9":"product_cat-skinceuticals","10":"product_cat-probleme-de-peau","11":"product_cat-vieillissement","12":"product_cat-imperfections","13":"product_cat-peau-grasse","14":"product_cat-peau-mixte","15":"product_cat-peau-normale","16":"product_cat-peau-seche","17":"product_cat-peau-sensible","18":"product_cat-serum","19":"product_cat-tout-type-de-peau","20":"product_cat-visage","21":"product_tag-hydratation","22":"product_tag-shopping","23":"description-off","25":"first","26":"instock","27":"sale","28":"shipping-taxable","29":"purchasable","30":"product-type-simple"},"_links":{"self":[{"href":"https:\/\/laseris.ch\/shop\/wp-json\/wp\/v2\/product\/15788","targetHints":{"allow":["GET"]}}],"collection":[{"href":"https:\/\/laseris.ch\/shop\/wp-json\/wp\/v2\/product"}],"about":[{"href":"https:\/\/laseris.ch\/shop\/wp-json\/wp\/v2\/types\/product"}],"replies":[{"embeddable":true,"href":"https:\/\/laseris.ch\/shop\/wp-json\/wp\/v2\/comments?post=15788"}],"wp:featuredmedia":[{"embeddable":true,"href":"https:\/\/laseris.ch\/shop\/wp-json\/wp\/v2\/media\/15798"}],"wp:attachment":[{"href":"https:\/\/laseris.ch\/shop\/wp-json\/wp\/v2\/media?parent=15788"}],"wp:term":[{"taxonomy":"product_brand","embeddable":true,"href":"https:\/\/laseris.ch\/shop\/wp-json\/wp\/v2\/product_brand?post=15788"},{"taxonomy":"product_cat","embeddable":true,"href":"https:\/\/laseris.ch\/shop\/wp-json\/wp\/v2\/product_cat?post=15788"},{"taxonomy":"product_tag","embeddable":true,"href":"https:\/\/laseris.ch\/shop\/wp-json\/wp\/v2\/product_tag?post=15788"}],"curies":[{"name":"wp","href":"https:\/\/api.w.org\/{rel}","templated":true}]}}