{"id":15486,"date":"2019-04-02T11:12:10","date_gmt":"2019-04-02T09:12:10","guid":{"rendered":"https:\/\/laseris.ch\/shop\/?post_type=product&#038;p=15486"},"modified":"2026-03-27T10:29:22","modified_gmt":"2026-03-27T09:29:22","slug":"a-g-e-interrupter-48-ml","status":"publish","type":"product","link":"https:\/\/laseris.ch\/shop\/product\/a-g-e-interrupter-48-ml\/","title":{"rendered":"A.G.E. Interrupter Advanced 48 ml SkinCeuticals"},"content":{"rendered":"<div id=\"ConnectiveDocSignExtentionInstalled\" data-extension-version=\"1.0.4\">\n<p>Formul\u00e9e avec des ingr\u00e9dients puissants, cette cr\u00e8me anti-rides nouvelle g\u00e9n\u00e9ration contient 18 % de Proxylane concentr\u00e9, une concentration 20 % sup\u00e9rieure \u00e0 la pr\u00e9c\u00e9dente formule A.G.E. Interrupter, 4,25 % de flavono\u00efdes de baies sauvages, une concentration 12,5% sup\u00e9rieure, ainsi que 0,1 % d&#8217;acide glycyrrh\u00e9tinique, nouvel actif dans la formule. Cette technologie cliniquement prouv\u00e9e aide \u00e0 estomper les rides, \u00e0 restaurer la fermet\u00e9 de la peau et \u00e0 illuminer le teint.<\/p>\n<p>En utilisant cette cr\u00e8me, votre peau b\u00e9n\u00e9ficiera de nombreux avantages :<\/p>\n<ul>\n<li>Elle agit sur les diff\u00e9rentes phases de glycation qui sont responsables du vieillissement de la peau.<\/li>\n<li>Elle att\u00e9nue les rides visibles, telles que les ridules, les rides profondes et les rides d&#8217;expression comme les plis naso-labiaux.<\/li>\n<li>Elle am\u00e9liore la fermet\u00e9 et l&#8217;\u00e9lasticit\u00e9 de la peau, impact\u00e9es par la d\u00e9gradation du collag\u00e8ne li\u00e9e au ph\u00e9nom\u00e8ne de glycation.<\/li>\n<li>Elle apporte \u00e9galement de l&#8217;\u00e9clat au teint, unifie et att\u00e9nue les rougeurs pour une peau d&#8217;apparence plus saine.<\/li>\n<li>Enfin, elle offre une hydratation intense et un fini satin\u00e9.<\/li>\n<\/ul>\n<p>&nbsp;<\/p>\n<p><strong>CONSEILS D&#8217;UTILISATION<\/strong><\/p>\n<p>Pour utiliser le soin cr\u00e8me anti-rides A.G.E. Interrupter Advanced, il est recommand\u00e9 d&#8217;en appliquer une couche fine et homog\u00e8ne sur l&#8217;ensemble du visage, du cou et du d\u00e9collet\u00e9 matin et soir.<\/p>\n<p>Le matin, il est conseill\u00e9 d&#8217;appliquer la cr\u00e8me apr\u00e8s avoir utilis\u00e9 un s\u00e9rum antioxydant \u00e0 la vitamine C de SkinCeuticals, puis de suivre avec une photoprotection de la m\u00eame marque. Si vous utilisez le soin cr\u00e8me le soir avec un soin au r\u00e9tinol, il est recommand\u00e9 d&#8217;appliquer la cr\u00e8me apr\u00e8s le soin au r\u00e9tinol.<\/p>\n<\/div>\n","protected":false},"excerpt":{"rendered":"<p>&nbsp;<\/p>\n<p><strong>Cr\u00e8me anti-rides. Corrige efficacement les rides profondes et la perte de fermet\u00e9.<\/strong><\/p>\n<div class=\"fl-module fl-module-rich-text fl-node-5e68c5fe9d995\" data-node=\"5e68c5fe9d995\">\n<div class=\"fl-module-content fl-node-content\">\n<div class=\"fl-rich-text\">\n<p>La cr\u00e8me A.G.E. Interrupter Advanced est sp\u00e9cialement con\u00e7ue pour inverser les signes visibles de l&#8217;\u00e2ge tels que les rides, la perte de fermet\u00e9 et le manque d&#8217;\u00e9clat caus\u00e9s par la d\u00e9gradation du collag\u00e8ne et la glycation. Cette cr\u00e8me convient aux types de peau s\u00e8ches, normales, mixtes et sensibles, et offre des bienfaits anti-\u00e2ge.<\/p>\n<p>&nbsp;<\/p>\n<\/div>\n<\/div>\n<\/div>\n<div data-extension-version=\"1.0.4\"><img loading=\"lazy\" decoding=\"async\" class=\"alignnone size-medium wp-image-16858\" src=\"https:\/\/laseris.ch\/shop\/wp-content\/uploads\/2020\/10\/skinceuticals-revendeur-suisse.png\" alt=\"\" width=\"300\" height=\"61\" \/><\/div>\n<div id=\"ConnectiveDocSignExtentionInstalled\" data-extension-version=\"1.0.4\"><\/div>\n","protected":false},"featured_media":19282,"comment_status":"open","ping_status":"closed","template":"","meta":[],"product_brand":[],"product_cat":[560,682,533,534,498,499,505,504,531,511],"product_tag":[670],"class_list":{"0":"post-15486","1":"product","2":"type-product","3":"status-publish","4":"has-post-thumbnail","6":"product_cat-promotion","7":"product_cat-skinceuticals","8":"product_cat-probleme-de-peau","9":"product_cat-vieillissement","10":"product_cat-creme-jour","11":"product_cat-creme-nuit","12":"product_cat-peau-normale","13":"product_cat-peau-seche","14":"product_cat-peau-sensible","15":"product_cat-visage","16":"product_tag-shopping","17":"description-off","19":"first","20":"instock","21":"sale","22":"shipping-taxable","23":"purchasable","24":"product-type-simple"},"_links":{"self":[{"href":"https:\/\/laseris.ch\/shop\/wp-json\/wp\/v2\/product\/15486","targetHints":{"allow":["GET"]}}],"collection":[{"href":"https:\/\/laseris.ch\/shop\/wp-json\/wp\/v2\/product"}],"about":[{"href":"https:\/\/laseris.ch\/shop\/wp-json\/wp\/v2\/types\/product"}],"replies":[{"embeddable":true,"href":"https:\/\/laseris.ch\/shop\/wp-json\/wp\/v2\/comments?post=15486"}],"wp:featuredmedia":[{"embeddable":true,"href":"https:\/\/laseris.ch\/shop\/wp-json\/wp\/v2\/media\/19282"}],"wp:attachment":[{"href":"https:\/\/laseris.ch\/shop\/wp-json\/wp\/v2\/media?parent=15486"}],"wp:term":[{"taxonomy":"product_brand","embeddable":true,"href":"https:\/\/laseris.ch\/shop\/wp-json\/wp\/v2\/product_brand?post=15486"},{"taxonomy":"product_cat","embeddable":true,"href":"https:\/\/laseris.ch\/shop\/wp-json\/wp\/v2\/product_cat?post=15486"},{"taxonomy":"product_tag","embeddable":true,"href":"https:\/\/laseris.ch\/shop\/wp-json\/wp\/v2\/product_tag?post=15486"}],"curies":[{"name":"wp","href":"https:\/\/api.w.org\/{rel}","templated":true}]}}

<div id="ConnectiveDocSignExtentionInstalled" data-extension-version="1.0.4">
<p>Formulée avec des ingrédients puissants, cette crème anti-rides nouvelle génération contient 18 % de Proxylane concentré, une concentration 20 % supérieure à la précédente formule A.G.E. Interrupter, 4,25 % de flavonoïdes de baies sauvages, une concentration 12,5% supérieure, ainsi que 0,1 % d&#8217;acide glycyrrhétinique, nouvel actif dans la formule. Cette technologie cliniquement prouvée aide à estomper les rides, à restaurer la fermeté de la peau et à illuminer le teint.</p>
<p>En utilisant cette crème, votre peau bénéficiera de nombreux avantages :</p>
<ul>
<li>Elle agit sur les différentes phases de glycation qui sont responsables du vieillissement de la peau.</li>
<li>Elle atténue les rides visibles, telles que les ridules, les rides profondes et les rides d&#8217;expression comme les plis naso-labiaux.</li>
<li>Elle améliore la fermeté et l&#8217;élasticité de la peau, impactées par la dégradation du collagène liée au phénomène de glycation.</li>
<li>Elle apporte également de l&#8217;éclat au teint, unifie et atténue les rougeurs pour une peau d&#8217;apparence plus saine.</li>
<li>Enfin, elle offre une hydratation intense et un fini satiné.</li>
</ul>
<p>&nbsp;</p>
<p><strong>CONSEILS D&#8217;UTILISATION</strong></p>
<p>Pour utiliser le soin crème anti-rides A.G.E. Interrupter Advanced, il est recommandé d&#8217;en appliquer une couche fine et homogène sur l&#8217;ensemble du visage, du cou et du décolleté matin et soir.</p>
<p>Le matin, il est conseillé d&#8217;appliquer la crème après avoir utilisé un sérum antioxydant à la vitamine C de SkinCeuticals, puis de suivre avec une photoprotection de la même marque. Si vous utilisez le soin crème le soir avec un soin au rétinol, il est recommandé d&#8217;appliquer la crème après le soin au rétinol.</p>
</div>

<p>&nbsp;</p>
<p><strong>Crème anti-rides. Corrige efficacement les rides profondes et la perte de fermeté.</strong></p>
<div class="fl-module fl-module-rich-text fl-node-5e68c5fe9d995" data-node="5e68c5fe9d995">
<div class="fl-module-content fl-node-content">
<div class="fl-rich-text">
<p>La crème A.G.E. Interrupter Advanced est spécialement conçue pour inverser les signes visibles de l&#8217;âge tels que les rides, la perte de fermeté et le manque d&#8217;éclat causés par la dégradation du collagène et la glycation. Cette crème convient aux types de peau sèches, normales, mixtes et sensibles, et offre des bienfaits anti-âge.</p>
<p>&nbsp;</p>
</div>
</div>
</div>
<div data-extension-version="1.0.4"><img loading="lazy" decoding="async" class="alignnone size-medium wp-image-16858" src="https://laseris.ch/shop/wp-content/uploads/2020/10/skinceuticals-revendeur-suisse.png" alt="" width="300" height="61" /></div>
<div id="ConnectiveDocSignExtentionInstalled" data-extension-version="1.0.4"></div>
