{"id":15474,"date":"2019-04-02T10:57:20","date_gmt":"2019-04-02T08:57:20","guid":{"rendered":"https:\/\/laseris.ch\/shop\/?post_type=product&#038;p=15474"},"modified":"2026-03-27T10:24:58","modified_gmt":"2026-03-27T09:24:58","slug":"retexturing-activator-30-ml","status":"publish","type":"product","link":"https:\/\/laseris.ch\/shop\/product\/retexturing-activator-30-ml\/","title":{"rendered":"Retexturing Activator 30 ml SkinCeuticals"},"content":{"rendered":"<p>Ce s\u00e9rum r\u00e9volutionnaire permet de repulper et revitaliser la peau tout en renfor\u00e7ant simultan\u00e9ment la barri\u00e8re cutan\u00e9e. Ses r\u00e9sultats d\u00e9passent de 20 % ceux obtenus avec un soin quotidien \u00e0 l\u2019acide glycolique. Aide la peau \u00e0 retrouver toute sa vitalit\u00e9 et son \u00e9clat.<\/p>\n<p>R\u00e9sultats :<\/p>\n<ul>\n<li>Lisse et adoucit la texture de la peau<\/li>\n<li>Att\u00e9nue spectaculairement les rides et les ridules superficielles<\/li>\n<li>Am\u00e9liore l\u2019\u00e9clat de la peau et aide \u00e0 garder une peau saine et neuve \u00e0 la surface de l\u2019\u00e9piderme<\/li>\n<li>\u00c9quilibre les taux d\u2019hydratation de la peau<\/li>\n<li>Renforce la barri\u00e8re cutan\u00e9e<\/li>\n<\/ul>\n<p>&nbsp;<\/p>\n<p><strong>CONSEILS D&#8217;UTILISATION :\u00a0<\/strong><\/p>\n<p>Deux fois par jour, appliquer 4 \u00e0 6 gouttes sur le visage, le cou et le d\u00e9collet\u00e9 en \u00e9vitant le contour des yeux, ou suivre les instructions du professionnel du soin de la peau.<\/p>\n<div id=\"ConnectiveDocSignExtentionInstalled\" data-extension-version=\"1.0.4\"><\/div>\n","protected":false},"excerpt":{"rendered":"<p>Lisse et adoucit la texture de la peau. Att\u00e9nue spectaculairement les rides et les ridules superficielles. Am\u00e9liore l&#8217;\u00e9clat de la peau et aide \u00e0 garder une peau saine et neuve \u00e0 la surface de l&#8217;\u00e9piderme. \u00c9quilibre le taux d&#8217;hydratation de la peau.<\/p>\n<div class=\"fl-module fl-module-rich-text fl-node-5e68c5fe9d995\" data-node=\"5e68c5fe9d995\">\n<div class=\"fl-module-content fl-node-content\">\n<div class=\"fl-rich-text\">\n<p>&nbsp;<\/p>\n<p>&nbsp;<\/p>\n<\/div>\n<\/div>\n<\/div>\n<div data-extension-version=\"1.0.4\"><img loading=\"lazy\" decoding=\"async\" class=\"alignnone size-medium wp-image-16858\" src=\"https:\/\/laseris.ch\/shop\/wp-content\/uploads\/2020\/10\/skinceuticals-revendeur-suisse.png\" alt=\"\" width=\"300\" height=\"61\" \/><\/div>\n","protected":false},"featured_media":15531,"comment_status":"closed","ping_status":"closed","template":"","meta":[],"product_brand":[],"product_cat":[537,539,560,682,533,534,535,536,506,507,505,504,531,497,512,511],"product_tag":[670],"class_list":{"0":"post-15474","1":"product","2":"type-product","3":"status-publish","4":"has-post-thumbnail","6":"product_cat-deshydratee","7":"product_cat-fragilisee","8":"product_cat-promotion","9":"product_cat-skinceuticals","10":"product_cat-probleme-de-peau","11":"product_cat-vieillissement","12":"product_cat-imperfections","13":"product_cat-hyperpigmentation","14":"product_cat-peau-grasse","15":"product_cat-peau-mixte","16":"product_cat-peau-normale","17":"product_cat-peau-seche","18":"product_cat-peau-sensible","19":"product_cat-serum","20":"product_cat-tout-type-de-peau","21":"product_cat-visage","22":"product_tag-shopping","23":"description-off","25":"first","26":"instock","27":"sale","28":"shipping-taxable","29":"purchasable","30":"product-type-simple"},"_links":{"self":[{"href":"https:\/\/laseris.ch\/shop\/wp-json\/wp\/v2\/product\/15474","targetHints":{"allow":["GET"]}}],"collection":[{"href":"https:\/\/laseris.ch\/shop\/wp-json\/wp\/v2\/product"}],"about":[{"href":"https:\/\/laseris.ch\/shop\/wp-json\/wp\/v2\/types\/product"}],"replies":[{"embeddable":true,"href":"https:\/\/laseris.ch\/shop\/wp-json\/wp\/v2\/comments?post=15474"}],"wp:featuredmedia":[{"embeddable":true,"href":"https:\/\/laseris.ch\/shop\/wp-json\/wp\/v2\/media\/15531"}],"wp:attachment":[{"href":"https:\/\/laseris.ch\/shop\/wp-json\/wp\/v2\/media?parent=15474"}],"wp:term":[{"taxonomy":"product_brand","embeddable":true,"href":"https:\/\/laseris.ch\/shop\/wp-json\/wp\/v2\/product_brand?post=15474"},{"taxonomy":"product_cat","embeddable":true,"href":"https:\/\/laseris.ch\/shop\/wp-json\/wp\/v2\/product_cat?post=15474"},{"taxonomy":"product_tag","embeddable":true,"href":"https:\/\/laseris.ch\/shop\/wp-json\/wp\/v2\/product_tag?post=15474"}],"curies":[{"name":"wp","href":"https:\/\/api.w.org\/{rel}","templated":true}]}}