{"id":15466,"date":"2019-04-02T10:46:23","date_gmt":"2019-04-02T08:46:23","guid":{"rendered":"https:\/\/laseris.ch\/shop\/?post_type=product&#038;p=15466"},"modified":"2026-03-27T10:27:13","modified_gmt":"2026-03-27T09:27:13","slug":"phloretin-cf-30-ml","status":"publish","type":"product","link":"https:\/\/laseris.ch\/shop\/product\/phloretin-cf-30-ml\/","title":{"rendered":"Phloretin CF 30 ml SkinCeuticals"},"content":{"rendered":"<p>Ce soin \u00e0 large spectre fournit une haute protection contre les facteurs environnementaux afin de d\u00e9fendre la peau contre les radicaux libres connus pour \u00eatre responsables de dommages cellulaires et de mutations de l&#8217;ADN.<\/p>\n<p>Une fois absorb\u00e9, ce s\u00e9rum ne dispara\u00eet pas au lavage ni aux frottements. Il reste actif pour un minimum de 72 heures, ce qui en fait un excellent soin compl\u00e9mentaire \u00e0 un \u00e9cran solaire.<\/p>\n<p>&nbsp;<\/p>\n<p>R\u00e9sultats :<\/p>\n<ul>\n<li>Procure une haute protection environnementale<\/li>\n<li>Aide \u00e0 lutter contre les signes du vieillissement<\/li>\n<li>Att\u00e9nue l&#8217;hyperpigmentation et aide \u00e0 repulper la peau<\/li>\n<li>Prot\u00e8ge des agressions engendr\u00e9es par les UV<\/li>\n<\/ul>\n<p>&nbsp;<\/p>\n<p class=\"t_collapse\"><strong>CONSEILS D&#8217;UTILISATION :<\/strong><\/p>\n<p>&nbsp;<\/p>\n<div class=\"ctn_bloc\">\n<div class=\"ctn_right\">Le matin, sur une peau pr\u00e9alablement nettoy\u00e9e et s\u00e9ch\u00e9e, d\u00e9poser 4 \u00e0 5 gouttes sur la paume de la main et appliquer du bout des doigts sur l&#8217;ensemble du visage, le cou et le d\u00e9collet\u00e9.<\/div>\n<\/div>\n<div id=\"ConnectiveDocSignExtentionInstalled\" data-extension-version=\"1.0.4\"><\/div>\n","protected":false},"excerpt":{"rendered":"<p><strong>Gr\u00e2ce \u00e0 ses propri\u00e9t\u00e9s antioxydantes de haute qualit\u00e9, ce soin r\u00e9duit les signes du photovieillissement (rides, taches), procure une haute protection contre les facteurs environnementaux, prot\u00e8ge des agressions engendr\u00e9es par les UV et aide \u00e0 repulper la peau.\u00a0<\/strong><\/p>\n<p>&nbsp;<\/p>\n<p>&nbsp;<\/p>\n<p>&nbsp;<\/p>\n<div class=\"fl-module fl-module-rich-text fl-node-5e68c5fe9d995\" data-node=\"5e68c5fe9d995\">\n<div class=\"fl-module-content fl-node-content\">\n<div class=\"fl-rich-text\">\n<p>&nbsp;<\/p>\n<\/div>\n<\/div>\n<\/div>\n<div data-extension-version=\"1.0.4\"><img loading=\"lazy\" decoding=\"async\" class=\"alignnone size-medium wp-image-16858\" src=\"https:\/\/laseris.ch\/shop\/wp-content\/uploads\/2020\/10\/skinceuticals-revendeur-suisse.png\" alt=\"\" width=\"300\" height=\"61\" \/><\/div>\n<div id=\"ConnectiveDocSignExtentionInstalled\" data-extension-version=\"1.0.4\"><\/div>\n","protected":false},"featured_media":15525,"comment_status":"closed","ping_status":"closed","template":"","meta":[],"product_brand":[],"product_cat":[560,682,533,534,535,536,496,506,505,497,511],"product_tag":[648,670],"class_list":{"0":"post-15466","1":"product","2":"type-product","3":"status-publish","4":"has-post-thumbnail","6":"product_cat-promotion","7":"product_cat-skinceuticals","8":"product_cat-probleme-de-peau","9":"product_cat-vieillissement","10":"product_cat-imperfections","11":"product_cat-hyperpigmentation","12":"product_cat-antioxydant","13":"product_cat-peau-grasse","14":"product_cat-peau-normale","15":"product_cat-serum","16":"product_cat-visage","17":"product_tag-35-45-ans","18":"product_tag-shopping","19":"description-off","21":"first","22":"instock","23":"sale","24":"shipping-taxable","25":"purchasable","26":"product-type-simple"},"_links":{"self":[{"href":"https:\/\/laseris.ch\/shop\/wp-json\/wp\/v2\/product\/15466","targetHints":{"allow":["GET"]}}],"collection":[{"href":"https:\/\/laseris.ch\/shop\/wp-json\/wp\/v2\/product"}],"about":[{"href":"https:\/\/laseris.ch\/shop\/wp-json\/wp\/v2\/types\/product"}],"replies":[{"embeddable":true,"href":"https:\/\/laseris.ch\/shop\/wp-json\/wp\/v2\/comments?post=15466"}],"wp:featuredmedia":[{"embeddable":true,"href":"https:\/\/laseris.ch\/shop\/wp-json\/wp\/v2\/media\/15525"}],"wp:attachment":[{"href":"https:\/\/laseris.ch\/shop\/wp-json\/wp\/v2\/media?parent=15466"}],"wp:term":[{"taxonomy":"product_brand","embeddable":true,"href":"https:\/\/laseris.ch\/shop\/wp-json\/wp\/v2\/product_brand?post=15466"},{"taxonomy":"product_cat","embeddable":true,"href":"https:\/\/laseris.ch\/shop\/wp-json\/wp\/v2\/product_cat?post=15466"},{"taxonomy":"product_tag","embeddable":true,"href":"https:\/\/laseris.ch\/shop\/wp-json\/wp\/v2\/product_tag?post=15466"}],"curies":[{"name":"wp","href":"https:\/\/api.w.org\/{rel}","templated":true}]}}