{"id":15453,"date":"2019-04-02T10:20:28","date_gmt":"2019-04-02T08:20:28","guid":{"rendered":"https:\/\/laseris.ch\/shop\/?post_type=product&#038;p=15453"},"modified":"2026-01-25T19:14:50","modified_gmt":"2026-01-25T18:14:50","slug":"blemishage-gel-240-ml","status":"publish","type":"product","link":"https:\/\/laseris.ch\/shop\/product\/blemishage-gel-240-ml\/","title":{"rendered":"Blemish + Age Cleanser Gel 240 ml SkinCeuticals"},"content":{"rendered":"<p>Con\u00e7u pour les peaux sujettes aux imperfections, Blemish + Age Cleansing Gel associe diff\u00e9rents agents nettoyants haute-efficacit\u00e9. Il aide \u00e0 d\u00e9congestionner les pores, \u00e0 uniformiser les irr\u00e9gularit\u00e9s et \u00e0 redonner de l&#8217;\u00e9clat \u00e0 la peau.<\/p>\n<ul>\n<li>Permet une exfoliation cibl\u00e9e afin de d\u00e9boucher les pores<\/li>\n<li>\u00c9limine l&#8217;exc\u00e8s de s\u00e9bum et les traces de maquillage<\/li>\n<li>Aide \u00e0 minimiser l&#8217;apparence des pores<\/li>\n<li>Aide \u00e0 minimiser les imperfections<\/li>\n<\/ul>\n<div data-extension-version=\"1.0.4\"><\/div>\n<div id=\"ConnectiveDocSignExtentionInstalled\" data-extension-version=\"1.0.4\"><strong>CONSEILS D&#8217;UTILISATION :<\/strong><\/div>\n<div data-extension-version=\"1.0.4\">Deux fois par jour, masser doucement une petite quantit\u00e9 de gel sur le visage et cou humides. Rincer abondamment \u00e0 l&#8217;eau. Ensuite appliquez le tonique Blemish + Age Toner.<\/div>\n","protected":false},"excerpt":{"rendered":"<p>Gel nettoyant moussant exfoliant \u00e0 l\u2019acide salicylique. Il permet de d\u00e9congestionner les pores et diminuer la s\u00e9cr\u00e9tion de s\u00e9bum. Il \u00e9limine les traces de maquillage et aide \u00e0 minimiser l&#8217;apparence des pores, ainsi que les imperfections.<\/p>\n<div class=\"fl-module fl-module-rich-text fl-node-5e68c5fe9d995\" data-node=\"5e68c5fe9d995\">\n<div class=\"fl-module-content fl-node-content\">\n<div class=\"fl-rich-text\">\n<p>&nbsp;<\/p>\n<\/div>\n<\/div>\n<\/div>\n<div data-extension-version=\"1.0.4\"><img loading=\"lazy\" decoding=\"async\" class=\"alignnone size-medium wp-image-16858\" src=\"https:\/\/laseris.ch\/shop\/wp-content\/uploads\/2020\/10\/skinceuticals-revendeur-suisse.png\" alt=\"\" width=\"300\" height=\"61\" \/><\/div>\n<div id=\"ConnectiveDocSignExtentionInstalled\" data-extension-version=\"1.0.4\"><\/div>\n","protected":false},"featured_media":15516,"comment_status":"open","ping_status":"closed","template":"","meta":[],"product_brand":[],"product_cat":[682,533,534,535,510,506,507,511],"product_tag":[],"class_list":{"0":"post-15453","1":"product","2":"type-product","3":"status-publish","4":"has-post-thumbnail","6":"product_cat-skinceuticals","7":"product_cat-probleme-de-peau","8":"product_cat-vieillissement","9":"product_cat-imperfections","10":"product_cat-nettoyant","11":"product_cat-peau-grasse","12":"product_cat-peau-mixte","13":"product_cat-visage","14":"description-off","16":"first","17":"instock","18":"shipping-taxable","19":"purchasable","20":"product-type-simple"},"_links":{"self":[{"href":"https:\/\/laseris.ch\/shop\/wp-json\/wp\/v2\/product\/15453","targetHints":{"allow":["GET"]}}],"collection":[{"href":"https:\/\/laseris.ch\/shop\/wp-json\/wp\/v2\/product"}],"about":[{"href":"https:\/\/laseris.ch\/shop\/wp-json\/wp\/v2\/types\/product"}],"replies":[{"embeddable":true,"href":"https:\/\/laseris.ch\/shop\/wp-json\/wp\/v2\/comments?post=15453"}],"wp:featuredmedia":[{"embeddable":true,"href":"https:\/\/laseris.ch\/shop\/wp-json\/wp\/v2\/media\/15516"}],"wp:attachment":[{"href":"https:\/\/laseris.ch\/shop\/wp-json\/wp\/v2\/media?parent=15453"}],"wp:term":[{"taxonomy":"product_brand","embeddable":true,"href":"https:\/\/laseris.ch\/shop\/wp-json\/wp\/v2\/product_brand?post=15453"},{"taxonomy":"product_cat","embeddable":true,"href":"https:\/\/laseris.ch\/shop\/wp-json\/wp\/v2\/product_cat?post=15453"},{"taxonomy":"product_tag","embeddable":true,"href":"https:\/\/laseris.ch\/shop\/wp-json\/wp\/v2\/product_tag?post=15453"}],"curies":[{"name":"wp","href":"https:\/\/api.w.org\/{rel}","templated":true}]}}

<p>Conçu pour les peaux sujettes aux imperfections, Blemish + Age Cleansing Gel associe différents agents nettoyants haute-efficacité. Il aide à décongestionner les pores, à uniformiser les irrégularités et à redonner de l&#8217;éclat à la peau.</p>
<ul>
<li>Permet une exfoliation ciblée afin de déboucher les pores</li>
<li>Élimine l&#8217;excès de sébum et les traces de maquillage</li>
<li>Aide à minimiser l&#8217;apparence des pores</li>
<li>Aide à minimiser les imperfections</li>
</ul>
<div data-extension-version="1.0.4"></div>
<div id="ConnectiveDocSignExtentionInstalled" data-extension-version="1.0.4"><strong>CONSEILS D&#8217;UTILISATION :</strong></div>
<div data-extension-version="1.0.4">Deux fois par jour, masser doucement une petite quantité de gel sur le visage et cou humides. Rincer abondamment à l&#8217;eau. Ensuite appliquez le tonique Blemish + Age Toner.</div>

<p>Gel nettoyant moussant exfoliant à l’acide salicylique. Il permet de décongestionner les pores et diminuer la sécrétion de sébum. Il élimine les traces de maquillage et aide à minimiser l&#8217;apparence des pores, ainsi que les imperfections.</p>
<div class="fl-module fl-module-rich-text fl-node-5e68c5fe9d995" data-node="5e68c5fe9d995">
<div class="fl-module-content fl-node-content">
<div class="fl-rich-text">
<p>&nbsp;</p>
</div>
</div>
</div>
<div data-extension-version="1.0.4"><img loading="lazy" decoding="async" class="alignnone size-medium wp-image-16858" src="https://laseris.ch/shop/wp-content/uploads/2020/10/skinceuticals-revendeur-suisse.png" alt="" width="300" height="61" /></div>
<div id="ConnectiveDocSignExtentionInstalled" data-extension-version="1.0.4"></div>
