{"id":15451,"date":"2019-04-02T10:11:20","date_gmt":"2019-04-02T08:11:20","guid":{"rendered":"https:\/\/laseris.ch\/shop\/?post_type=product&#038;p=15451"},"modified":"2026-03-27T10:23:44","modified_gmt":"2026-03-27T09:23:44","slug":"equalizing-toner-250-ml","status":"publish","type":"product","link":"https:\/\/laseris.ch\/shop\/product\/equalizing-toner-250-ml\/","title":{"rendered":"Equalizing Toner  250 ml SkinCeuticals"},"content":{"rendered":"<p>Formul\u00e9e pour tous les types de peaux, cette lotion tonique sans alcool permet de restaurer la peau tout en \u00e9liminant les r\u00e9sidus. Elle nettoie, exfolie en douceur, tout en respectant le pH protecteur de la peau. (Oil-free et sans parfum)<\/p>\n<div id=\"ConnectiveDocSignExtentionInstalled\" data-extension-version=\"1.0.4\">\n<ul>\n<li>Exfolie en douceur les cellules mortes de la peau<\/li>\n<li>Parfait le nettoyage en douceur<\/li>\n<li>Id\u00e9al pour tous les types de peau<\/li>\n<li>Adoucit, apaise et tonifie la peau<\/li>\n<\/ul>\n<p>&nbsp;<\/p>\n<p><strong>CONSEILS D&#8217;UTILISATION :\u00a0<\/strong><\/p>\n<p>&nbsp;<\/p>\n<p>Deux fois par jour, apr\u00e8s avoir utilis\u00e9 un nettoyant SkinCeuticals, vaporiser une petite quantit\u00e9 de produit sur un coton et appliquer uniform\u00e9ment sur le visage, le cou et le d\u00e9collet\u00e9.<\/p>\n<\/div>\n","protected":false},"excerpt":{"rendered":"<p><strong>Exfolie en douceur les cellules mortes de la peau et parfait le nettoyage en douceur. Id\u00e9al pour tous les types de peau. Adoucit, apaise et tonifie la peau<\/strong>.<\/p>\n<p>&nbsp;<\/p>\n<div class=\"fl-module fl-module-rich-text fl-node-5e68c5fe9d995\" data-node=\"5e68c5fe9d995\">\n<div class=\"fl-module-content fl-node-content\">\n<div class=\"fl-rich-text\">\n<p>&nbsp;<\/p>\n<\/div>\n<\/div>\n<\/div>\n<div data-extension-version=\"1.0.4\"><img loading=\"lazy\" decoding=\"async\" class=\"alignnone size-medium wp-image-16858\" src=\"https:\/\/laseris.ch\/shop\/wp-content\/uploads\/2020\/10\/skinceuticals-revendeur-suisse.png\" alt=\"\" width=\"300\" height=\"61\" \/><\/div>\n<div id=\"ConnectiveDocSignExtentionInstalled\" data-extension-version=\"1.0.4\"><\/div>\n","protected":false},"featured_media":15810,"comment_status":"open","ping_status":"closed","template":"","meta":[],"product_brand":[],"product_cat":[537,539,682,533,534,536,510,507,505,504,531,502,511],"product_tag":[],"class_list":{"0":"post-15451","1":"product","2":"type-product","3":"status-publish","4":"has-post-thumbnail","6":"product_cat-deshydratee","7":"product_cat-fragilisee","8":"product_cat-skinceuticals","9":"product_cat-probleme-de-peau","10":"product_cat-vieillissement","11":"product_cat-hyperpigmentation","12":"product_cat-nettoyant","13":"product_cat-peau-mixte","14":"product_cat-peau-normale","15":"product_cat-peau-seche","16":"product_cat-peau-sensible","17":"product_cat-tonique","18":"product_cat-visage","19":"description-off","21":"first","22":"instock","23":"shipping-taxable","24":"purchasable","25":"product-type-simple"},"_links":{"self":[{"href":"https:\/\/laseris.ch\/shop\/wp-json\/wp\/v2\/product\/15451","targetHints":{"allow":["GET"]}}],"collection":[{"href":"https:\/\/laseris.ch\/shop\/wp-json\/wp\/v2\/product"}],"about":[{"href":"https:\/\/laseris.ch\/shop\/wp-json\/wp\/v2\/types\/product"}],"replies":[{"embeddable":true,"href":"https:\/\/laseris.ch\/shop\/wp-json\/wp\/v2\/comments?post=15451"}],"wp:featuredmedia":[{"embeddable":true,"href":"https:\/\/laseris.ch\/shop\/wp-json\/wp\/v2\/media\/15810"}],"wp:attachment":[{"href":"https:\/\/laseris.ch\/shop\/wp-json\/wp\/v2\/media?parent=15451"}],"wp:term":[{"taxonomy":"product_brand","embeddable":true,"href":"https:\/\/laseris.ch\/shop\/wp-json\/wp\/v2\/product_brand?post=15451"},{"taxonomy":"product_cat","embeddable":true,"href":"https:\/\/laseris.ch\/shop\/wp-json\/wp\/v2\/product_cat?post=15451"},{"taxonomy":"product_tag","embeddable":true,"href":"https:\/\/laseris.ch\/shop\/wp-json\/wp\/v2\/product_tag?post=15451"}],"curies":[{"name":"wp","href":"https:\/\/api.w.org\/{rel}","templated":true}]}}