{"id":15449,"date":"2019-04-02T09:58:33","date_gmt":"2019-04-02T07:58:33","guid":{"rendered":"https:\/\/laseris.ch\/shop\/?post_type=product&#038;p=15449"},"modified":"2026-04-01T15:25:14","modified_gmt":"2026-04-01T13:25:14","slug":"simply-clean-200-ml","status":"publish","type":"product","link":"https:\/\/laseris.ch\/shop\/product\/simply-clean-200-ml\/","title":{"rendered":"Simply Clean 200 ml SkinCeuticals"},"content":{"rendered":"<p>Ce gel nettoyant est formul\u00e9 avec un complexe d\u2019acides et d\u2019extraits v\u00e9g\u00e9taux qui stimulent l\u2019exfoliation enzymatique pour supprimer le maquillage et l\u2019exc\u00e8s de s\u00e9bum.<\/p>\n<p>La peau est d\u00e9maquill\u00e9e, nettoy\u00e9e et les pores affin\u00e9es. Il retire le maquillage waterproof et le maquillage longue dur\u00e9e, adapt\u00e9 pour le contour des yeux.<\/p>\n<p>Test\u00e9 post proc\u00e9dure.\u00a0 Non com\u00e9dog\u00e8ne, sans parfum de synth\u00e8se, sans alcool. Adapt\u00e9 \u00e0 une utilisation quotidienne.<\/p>\n<p>Relai id\u00e9al des proc\u00e9dures esth\u00e9tiques comme les peelings, lumi\u00e8re intense puls\u00e9e, laser non-ablatif, micro-dermabrasion, injections et mico-needling.<\/p>\n<p>&nbsp;<\/p>\n<p><strong>CONSEILS D&#8217;UTILISATION :<\/strong><\/p>\n<p>Matin et soir, appliquer en massant d\u00e9licatement une petite quantit\u00e9 de produit sur l&#8217;ensemble du visage et du cou, sur peau humide. Rincer \u00e0 l&#8217;eau ti\u00e8de et finaliser avec un tonique.<\/p>\n<div id=\"ConnectiveDocSignExtentionInstalled\" data-extension-version=\"1.0.4\"><\/div>\n","protected":false},"excerpt":{"rendered":"<p><strong>Gel nettoyant purifiant, nettoie et affine le grain de peau en stimulant l&#8217;exfoliation enzymatique.<\/strong><\/p>\n<p>Ce gel nettoyant est formul\u00e9 avec un complexe d\u2019acides et d\u2019extraits v\u00e9g\u00e9taux qui stimulent l\u2019exfoliation enzymatique pour supprimer le maquillage waterproof et l\u2019exc\u00e8s de s\u00e9bum. La peau est d\u00e9maquill\u00e9e, nettoy\u00e9e et les pores affin\u00e9s. Test\u00e9 post proc\u00e9dure.<\/p>\n<div class=\"fl-module fl-module-rich-text fl-node-5e68c5fe9d995\" data-node=\"5e68c5fe9d995\">\n<div class=\"fl-module-content fl-node-content\">\n<div class=\"fl-rich-text\">\n<p>&nbsp;<\/p>\n<p>&nbsp;<\/p>\n<\/div>\n<\/div>\n<\/div>\n<div data-extension-version=\"1.0.4\"><img loading=\"lazy\" decoding=\"async\" class=\"alignnone size-medium wp-image-16858\" src=\"https:\/\/laseris.ch\/shop\/wp-content\/uploads\/2020\/10\/skinceuticals-revendeur-suisse.png\" alt=\"\" width=\"300\" height=\"61\" \/><\/div>\n<div id=\"ConnectiveDocSignExtentionInstalled\" data-extension-version=\"1.0.4\"><\/div>\n","protected":false},"featured_media":15805,"comment_status":"open","ping_status":"closed","template":"","meta":[],"product_brand":[],"product_cat":[682,533,534,536,510,506,507,505,511],"product_tag":[],"class_list":{"0":"post-15449","1":"product","2":"type-product","3":"status-publish","4":"has-post-thumbnail","6":"product_cat-skinceuticals","7":"product_cat-probleme-de-peau","8":"product_cat-vieillissement","9":"product_cat-hyperpigmentation","10":"product_cat-nettoyant","11":"product_cat-peau-grasse","12":"product_cat-peau-mixte","13":"product_cat-peau-normale","14":"product_cat-visage","15":"description-off","17":"first","18":"instock","19":"shipping-taxable","20":"purchasable","21":"product-type-simple"},"_links":{"self":[{"href":"https:\/\/laseris.ch\/shop\/wp-json\/wp\/v2\/product\/15449","targetHints":{"allow":["GET"]}}],"collection":[{"href":"https:\/\/laseris.ch\/shop\/wp-json\/wp\/v2\/product"}],"about":[{"href":"https:\/\/laseris.ch\/shop\/wp-json\/wp\/v2\/types\/product"}],"replies":[{"embeddable":true,"href":"https:\/\/laseris.ch\/shop\/wp-json\/wp\/v2\/comments?post=15449"}],"wp:featuredmedia":[{"embeddable":true,"href":"https:\/\/laseris.ch\/shop\/wp-json\/wp\/v2\/media\/15805"}],"wp:attachment":[{"href":"https:\/\/laseris.ch\/shop\/wp-json\/wp\/v2\/media?parent=15449"}],"wp:term":[{"taxonomy":"product_brand","embeddable":true,"href":"https:\/\/laseris.ch\/shop\/wp-json\/wp\/v2\/product_brand?post=15449"},{"taxonomy":"product_cat","embeddable":true,"href":"https:\/\/laseris.ch\/shop\/wp-json\/wp\/v2\/product_cat?post=15449"},{"taxonomy":"product_tag","embeddable":true,"href":"https:\/\/laseris.ch\/shop\/wp-json\/wp\/v2\/product_tag?post=15449"}],"curies":[{"name":"wp","href":"https:\/\/api.w.org\/{rel}","templated":true}]}}